53 composite?
True
Is 20021 prime?
True
Is 226509 a prime number?
False
Is 94573 a composite number?
False
Is 17569 a prime number?
True
Is 25378 prime?
False
Is 42667 composite?
False
Is 33043 a prime number?
False
Is 408739 a composite number?
True
Is 345589 a composite number?
True
Is 225871 composite?
False
Is 845581 a composite number?
True
Is 11341 prime?
False
Is 1538491 composite?
False
Is 4279 prime?
False
Is 9271 a prime number?
False
Is 8353 prime?
True
Is 238519 prime?
True
Is 242653 a prime number?
False
Is 795295 a composite number?
True
Is 62209 a composite number?
True
Is 28955 a composite number?
True
Is 55283 composite?
True
Is 537857 prime?
False
Is 8131 a prime number?
False
Is 2219 prime?
False
Is 1294163 composite?
True
Is 1777 a prime number?
True
Is 23771 a composite number?
True
Is 48709 a prime number?
False
Is 86647 prime?
False
Is 94819 a prime number?
True
Is 30109 composite?
False
Is 16183 a composite number?
False
Is 484247 composite?
True
Is 3637 composite?
False
Is 2789 composite?
False
Is 91167 a prime number?
False
Is 113891 composite?
False
Is 160967 prime?
True
Is 7393 prime?
True
Is 1737221 prime?
True
Is 43915 composite?
True
Is 1963567 a composite number?
False
Is 104147 prime?
True
Is 1687 a prime number?
False
Is 158753 composite?
True
Is 28169 a prime number?
False
Is 62173 a composite number?
True
Is 16321 a composite number?
True
Is 42941 prime?
False
Is 14023 prime?
False
Is 92978 a prime number?
False
Is 4919 prime?
True
Is 65917 composite?
True
Is 22621 a prime number?
True
Is 5389 prime?
False
Is 73433 a prime number?
True
Is 178393 prime?
True
Is 77839 prime?
True
Is 101599 composite?
False
Is 136943 a composite number?
False
Is 55565 a composite number?
True
Is 62833 prime?
False
Is 552127 prime?
True
Is 95383 composite?
False
Is 60563 a prime number?
False
Is 123547 composite?
False
Is 203761 a composite number?
False
Is 16843 a prime number?
True
Is 22229 a prime number?
True
Is 456835 composite?
True
Is 116135 a composite number?
True
Is 98435 a composite number?
True
Is 104347 prime?
True
Is 2231 a composite number?
True
Is 4776539 a composite number?
False
Is 3899 prime?
False
Is 15581 a prime number?
True
Is 9271 a prime number?
False
Is 76909 a prime number?
False
Is 1310311 composite?
False
Is 680366 a prime number?
False
Is 20249 composite?
False
Is 1463767 composite?
False
Is 82886 a prime number?
False
Is 342497 composite?
False
Is 30611 composite?
True
Is 320129 a prime number?
False
Is 89617 prime?
False
Is 8263 a prime number?
True
Is 1201 prime?
True
Is 49222 a prime number?
False
Is 7609 composite?
True
Is 305717 a prime number?
True
Is 3967 a prime number?
True
Is 2279 prime?
False
Is 200761 a prime number?
False
Is 1151 a prime number?
True
Is 1337 prime?
False
Is 21781 a composite number?
True
Is 42667 a prime number?
True
Is 3499 a composite number?
False
Is 132747 prime?
False
Is 6639 a composite number?
True
Is 686863 composite?
False
Is 701 a prime number?
True
Is 2521 prime?
True
Is 71593 a composite number?
False
Is 75233 prime?
False
Is 9089 prime?
False
Is 29893 composite?
True
Is 413081 composite?
False
Is 176497 a composite number?
False
Is 1219 a prime number?
False
Is 51307 composite?
False
Is 744893 a composite number?
False
Is 631 prime?
True
Is 631 a prime number?
True
Is 5579 composite?
True
Is 7069 prime?
True
Is 764453 a prime number?
False
Is 44047 prime?
False
Is 178309 composite?
True
Is 11159 composite?
False
Is 710093 a composite number?
True
Is 276901 composite?
False
Is 511151 a composite number?
False
Is 42569 a prime number?
True
Is 7985 prime?
False
Is 1263909 a composite number?
True
Is 46253 composite?
True
Is 1513 a prime number?
False
Is 5261 a prime number?
True
Is 2034845 prime?
False
Is 779054 composite?
True
Is 4677 a composite number?
True
Is 24439 composite?
False
Is 147623 a composite number?
True
Is 17414 composite?
True
Is 207149 a composite number?
True
Is 24623 a composite number?
False
Is 9301 a prime number?
False
Is 5411 a composite number?
True
Is 2005 a prime number?
False
Is 43189 prime?
True
Is 33169 a composite number?
True
Is 8849 composite?
False
Is 11013 composite?
True
Is 66161 prime?
True
Is 67997 a prime number?
False
Is 5277 prime?
False
Is 65359 prime?
False
Is 30083 prime?
False
Is 9113 prime?
False
Is 211 prime?
True
Is 41887 a prime number?
True
Is 158549 prime?
False
Is 19898 composite?
True
Is 1340993 a prime number?
False
Is 905323 prime?
False
Is 831361 composite?
False
Is 125007 a composite number?
True
Is 14461 a composite number?
False
Is 33203 prime?
True
Is 1793 a prime number?
False
Is 1122005 composite?
True
Is 13859 composite?
False
Is 733345 a prime number?
False
Is 146191 composite?
False
Is 1647551 prime?
True
Is 2063 a prime number?
True
Is 42331 composite?
False
Is 3593 a prime number?
True
Is 32647 a prime number?
True
Is 3599 a prime number?
False
Is 13159 prime?
True
Is 47039 a prime number?
False
Is 694 prime?
False
Is 6899 a composite number?
False
Is 10415 a prime number?
False
Is 74561 a prime number?
True
Is 203713 composite?
False
Is 941 a composite number?
False
Is 17462 a prime number?
False
Is 146821 composite?
True
Is 150781 a prime number?
False
Is 195881 prime?
False
Is 145577 a composite number?
False
Is 566266 a prime number?
False
Is 178741 a composite number?
True
Is 2594 a composite number?
True
Is 31399 a prime number?
False
Is 22045 prime?
False
Is 671201 composite?
False
Is 1922185 prime?
False
Is 3973 composite?
True
Is 2358469 prime?
False
Is 185747 a prime number?
True
Is 251501 prime?
True
Is 13093 a prime number?
True
Is 33827 a composite number?
False
Is 36589 a prime number?
False
Is 10741 a prime number?
False
Is 8899 prime?
False
Is 390041 a composite number?
True
Is 251 a composite number?
False
Is 2084419 a prime number?
True
Is 461093 prime?
True
Is 382 prime?
False
Is 9277 a composite number?
False
Is 2179 prime?
True
Is 111301 composite?
False
Is 27479 a composite number?
False
Is 4647 prime?
False
Is 2147 composite?
True
Is 24349 prime?
False
Is 1451 prime?
True
Is 16297 a composite number?
True
Is 12877 prime?
False
Is 1707 prime?
False
Is 1291 composite?
False
Is 606799 a prime number?
False
Is 20197 prime?
False
Is 60446 a composite number?
True
Is 1346 prime?
False
Is 10831 composite?
False
Is 317 a composite number?
False
Is 360947 a composite number?
False
Is 86477 a prime number?
True
Is 26227 a prime number?
True
Is 51341 composite?
False
Is 1838347 a prime number?
False
Is 3103 prime?
False
Is 291817 prime?
True
Is 28195 composite?
True
Is 692554 prime?
False
Is 76477 prime?
False
Is 1436693 composite?
False
Is 174803 a composite number?
True
Is 1272103 prime?
False
Is 10606 prime?
False
Is 993443 a prime number?
False
Is 321923 prime?
False
Is 282401 a prime number?
False
Is 305381 prime?
False
Is 627107 composite?
True
Is 252761 prime?
True
Is 2371217 a prime number?
False
Is 53367 a prime number?
False
Is 106903 prime?
True
Is 108917 prime?
True
Is 23183 composite?
True
Is 3691 a prime number?
True
Is 30787 a composite number?
True
Is 137771 a composite number?
False
Is 215681 composite?
False
Is 51451 composite?
True
Is 34679 prime?
True
Is 89867 a composite number?
False
Is 363397 composite?
False
Is 184279 composite?
False
Is 41437 prime?
False
Is 4621 a prime number?
True
Is 555823 composite?
False
Is 190977 a prime number?
False
Is 27499 composite?
True
Is 99017 composite?
False
Is 839501 prime?
False
Is 149933 prime?
False
Is 454985 composite?
True
Is 69683 a prime number?
False
Is 787 composite?
False
Is 1099 composite?
True
Is 294979 prime?
True
Is 744283 composite?
False
Is 180893 a composite number?
True
Is 26849 a composite number?
False
Is 31351 a composite number?
True
Is 24853 prime?
False
Is 8189 a composite number?
True
Is 49451 a composite number?
False
Is 92119 prime?
True
Is 334553 a prime number?
False
Is 20627 a prime number?
True
Is 18559 a composite number?
True
Is 1360171 a prime number?
True
Is 8503 composite?
True
Is 259239 a prime number?
False
Is 30433 a prime number?
False
Is 30839 prime?
True
Is 257063 prime?
False
Is 20849 prime?
True
Is 2119121 a prime number?
True
Is 17371 a composite number?
True
Is 3455 a com